4/8 - 2*y**3/3 - 2*y + 2. Let i(t) be the third derivative of j(t). Determine i(-9).
-3
Let q(g) be the first derivative of -1/2*g**2 - 6*g + 10. Calculate q(-4).
-2
Let x(u) = u**3 + u**2 + 1. Let i(p) = -6 - 2 + 5*p + p**2 + 7 - 8. Let b be i(-7). Let v(s) = 6*s**3 + 2*s**2 - 4*s + 1. Let f(y) = b*x(y) - v(y). Give f(4).
4
Suppose k + 9 = -2*k. Let h = -32 + 41. Let t(f) = 6*f - h*f - 13 + 12. What is t(k)?
8
Let p(s) = 747*s - 311*s**2 - 760*s - 31 + 310*s**2. Determine p(-9).
5
Let l(q) = q - 9. Suppose 0 = -3*v - 4 - 11. Let y(h) = -h**2 - 4*h - 2. Let m be y(v). Let n be (14/m)/(2/(-4)). What is l(n)?
-5
Let i(a) = 9*a + 2. Let m(d) = 10*d + 3. Let h(x) = -6*i(x) + 5*m(x). Let t = -19 + 31. Suppose t = 3*p + p. Give h(p).
-9
Let r(w) = -w**2 - 8*w - 12. Let b be r(-7). Let m(l) = 3*l + 5. Let z(n) = -3*n - 5. Let s(v) = -6*m(v) - 7*z(v). What is s(b)?
-10
Let m(h) = 10*h**3 - h**2. Let j be m(1). Let o(v) = 3 + j*v - v + 0*v + v**2. Determine o(-8).
3
Let w(i) be the second derivative of i**4/12 + 7*i**3/6 - 9*i**2/2 + 85*i. Determine w(-7).
-9
Let j(b) be the first derivative of -b**7/840 + b**6/90 - b**5/60 - b**4/24 + 4*b**3/3 - 8. Let m(q) be the third derivative of j(q). What is m(3)?
2
Let o(f) = 6*f**2 - 60*f. Let d be o(10). Let s(v) = -v**3 - 8. Give s(d).
-8
Let t(i) = -5*i - 23. Let f be t(-5). Let c(p) = p**3 - 5*p**2 + 10*p**2 + 8*p + p**2 + 4 + 2*p**f. Calculate c(-7).
-3
Let c(k) = -2*k - 24. Let w be 96/128 + 59/(-4). What is c(w)?
4
Let h(j) = j**2 + 5*j + 3. Let m = -36 + 44. Suppose m*z - 3*z = 0. Suppose 3*k + 0 = a - 11, -k + 3*a + 7 = z. Calculate h(k).
3
Let j be (7 + -3 + 2)*(-26)/(-6). Let z(f) = -9*f**2 + j*f**2 - 16*f**2 + 1. What is z(2)?
5
Let r(l) = -l**3 - 9*l**2 - 2*l + 12. Let c = 442 + -450. Determine r(c).
-36
Let a(o) = 2*o - 6. Suppose 123 + 66 = -21*c. What is a(c)?
-24
Let n be (2/(-4))/((-1)/(-2)). Let k(u) = -168*u - 4. Let s(v) = -136*v - 3. Let m(i) = -4*k(i) + 5*s(i). What is m(n)?
9
Let n(v) = -v - 2. Suppose 0 = 3*y + z, -y - 3*y + 2*z = 0. Let g be (35/7)/(-1) - (-1 + y). Calculate n(g).
2
Let a(m) = -m**3 + 4*m**2 - 4*m + 3. Suppose k - 6*k = -2*s - 24, -2*s + 16 = 5*k. Let u be -3 - (-8 - (s + -1)). Give a(u).
3
Let w(v) = -4*v - 8. Let t be 912/120 + 2/5. Let z(k) = -5*k + 34. Let g be z(t). Determine w(g).
16
Let u(m) = m**2 + 3*m + 1. Suppose -4 = -2*s - 2*k, 0 = -4*s + 6*s + k. Let z be (12/(-8))/(s/4). Suppose w - 2 = -5*x + 16, 4*w = -z*x + 4. Calculate u(w).
-1
Suppose -4*r - 3*r = -21. Suppose -10 = 4*v - 9*v. Let u(x) = -x**3 - 5*x**2 - 56*x + 55*x + r - 2 + v*x**3. What is u(5)?
-4
Let i(l) = -2*l**2 + 0*l**2 + 0*l**2 - 211 + 197 + 29*l. What is i(14)?
0
Let s = 7 - 2. Suppose -s*n + 2 = -4*n. Let w be (n - 5)/3*4. Let f(z) = z + 1. Calculate f(w).
-3
Let a(f) = -f - 277 + 109 + 99 + 76. Let z be (2 + 1)/(6/8). Give a(z).
3
Let n(t) = -t + 4. Suppose 6 = 5*r - 2*r. Let b = -68 + 70. Suppose -4*i + 3*s + b = 27, 3*s - 17 = r*i. Determine n(i).
8
Let s(n) be the third derivative of n**6/120 - n**5/12 - n**4/6 + 2*n**3/3 + 11*n**2 + 2. Determine s(5).
-16
Let y(a) = 5*a**2 - 51*a + 3. Let m be y(10). Let c(d) = -d**2 - 9*d. Give c(m).
14
Let i(w) = w**2 - 7*w + 6. Let a be (4/12)/((-8)/(-72)). What is i(a)?
-6
Let h(r) be the first derivative of -r**4/4 + 2*r**3/3 + 3*r**2/2 - 2*r + 2. Suppose 0 = -0*g - g - 3*d - 5, 5*d + 31 = 4*g. Suppose -1 = l - g. Determine h(l).
-2
Let z(g) = -g - 1. Let t(r) = -r - 2. Let p(s) = 6*t(s) - 10*z(s). Let b(v) = v**2 + 6*v + 1. Let c be b(-7). Let n = 6 - c. Calculate p(n).
-10
Let h be 2/28 + 58/168. Let x(v) be the second derivative of -2*v - h*v**4 + 1/20*v**5 - 5/6*v**3 - 3/2*v**2 + 0. Calculate x(6).
3
Let s(u) = -2*u**2 - 6*u. Let j be -4 + 0 + 1 - -5. Suppose -7*i = -j*i + 20. Calculate s(i).
-8
Let y(g) = -g**2 - 5*g + 1. Suppose -33 = 4*z - 5. Let m be 1/(2/10*-1). Let q be (2*5)/(z - m). What is y(q)?
1
Let s(l) = -3*l**3 + 28*l**2 - 13*l + 42. Let i be s(9). Let d(n) = 7*n**2 - 6*n - 7*n**3 - 2 - 9*n**3 + 15*n**3. Calculate d(i).
-2
Let q(z) = -z + 0*z - 24*z + 29*z + 4. Suppose -5*d - 6 = -3*d. Give q(d).
-8
Suppose 0 = -4*m - 0*m + 8. Let o(u) = 27 - 3*u + m*u**2 - 25 + u**2. What is o(2)?
8
Let q(w) be the second derivative of w**8/6720 - w**7/2520 - w**6/360 + w**5/60 + w**4/2 + 7*w. Let p(u) be the third derivative of q(u). Give p(2).
2
Suppose 4*d = d + 12. Suppose -15 = v - 4*v + 3*t, 4*t = 2*v - 6. Let b(f) = 3*f + v - 2*f - 4. What is b(d)?
7
Suppose 3*j - 4*b = 8 + 18, -2*j = -2*b - 16. Let z(f) = -64*f**2 - 2*f - 5*f + 128*f**2 - 63*f**2. Determine z(j).
-6
Let f be 9/3*(-8)/(-6). Let l(y) = -3*y**2 + 14*y - 4. Let o be l(f). Let v(i) = -4*i + 4. What is v(o)?
-12
Let u(c) be the first derivative of 2*c**3/3 - 13*c**2/2 + 12*c - 128. Calculate u(5).
-3
Let s = -46 - -50. Suppose -s*v + 0 = -4. Let y(n) = 5*n - 4. Let l(b) = b**2 + 4*b - 3. Let h(c) = 4*l(c) - 3*y(c). Give h(v).
5
Let s(t) = -2*t + 8. Let w(a) = -a + 1. Let m(h) = s(h) - 5*w(h). Suppose -12 = l + 2*c, 9*l - 33 = 13*l + 5*c. Give m(l).
-3
Let x = -7 + 17. Let z = x - 9. Let w(f) = -2*f - f**2 + z + 0 + 4. Give w(-5).
-10
Let w(p) = -p**2 - 5*p - 1. Let k = 26 + -23. Suppose 10 = 2*q + k*q - 4*z, 4*q - 4*z = 12. Determine w(q).
5
Let a(j) be the first derivative of 1 + 1/2*j**2 - j + 8/3*j**3. Let y = 1052 + -1051. What is a(y)?
8
Let p(l) be the first derivative of 7*l**2/2 - 78*l + 404. Determine p(10).
-8
Let m(k) = 8*k**2 - 35*k - 25. Let z(u) = 3*u**2 - 12*u - 9. Let p(d) = -4*m(d) + 11*z(d). Give p(-8).
1
Let m be ((-1)/2)/(7/(-42)). Let o(n) = n**3 + 5*n**2 + 7*n - 7. Let c(u) = u**3 + 6*u**2 + 7*u - 8. Let j(a) = m*o(a) - 4*c(a). Determine j(-8).
3
Let y(n) = -7*n**2 + 10*n + 2. Let b(x) = 8*x**2 - 13*x - 3. Let i(g) = 3*b(g) + 4*y(g). Give i(3).
-34
Let i(f) = f**2 + f + 3. Let n(y) = -6*y - 3 - 13*y + 13*y + 0. Let b be n(-1). Give i(b).
15
Let f(p) be the first derivative of -p**2 + 4*p + 120. Suppose -5*r - w = -r - 8, 2*w = -r - 5. Determine f(r).
-2
Let k = -11 - -15. Let t = k - 2. Let l(o) = -1 + o + o**t - o - 5 + 4*o. What is l(-5)?
-1
Let s(y) be the second derivative of -y**7/2520 + y**6/240 + y**5/40 - 9*y**4/4 - 14*y. Let m(i) be the third derivative of s(i). Determine m(-3).
-15
Let n(w) = 3581*w - 177 + 180 - 3578*w. Suppose 3*k - 5*o = 3, 11 - 30 = k + 5*o. Let s be 23/(-7) + k/(-14). What is n(s)?
-6
Suppose 3*p = 3*p - 3*p. Suppose -v + 18 = -m + v, 2*m + 4*v + 4 = p. Let w(s) = 2*s + 11. Determine w(m).
-9
Let y(f) = -f**2 - 7*f - 6. Let c(b) = 6*b + 3. Let i be c(3). Let w = i - 19. Let t be (3 - w)/(5/(-25)). Calculate y(t).
4
Let o(q) be the third derivative of q**6/120 + q**5/60 - q**4/8 - q**3/3 + 1555*q**2. Suppose -3*n + 4*n + 2 = 0. Give o(n).
0
Let u = 14 + -25. Let q = u - -18. Suppose 13 = -5*d - q. Let c(l) = l**2 + 5*l + 5. Determine c(d).
1
Let z = -118 - -196. Let w be 5/(-25) + z/15. Let o(b) = b**3 - b**2. Let n(a) = 7*a**3 - 11*a**2 - 4*a + 7. Let j(t) = n(t) - 6*o(t). What is j(w)?
-13
Let z(r) = 22 - 5*r - 5*r + 11*r + 4*r - 4. Calculate z(-5).
-7
Let q(a) = a**3 + a**2 - a - 2. Let x(h) = -h**2 + 5*h - 4. Let z be x(3). Suppose -2*d - 3*w = 3 + 1, -d = w + z. Calculate q(d).
-4
Let x(h) = h + 20. Suppose -p - 4*o + 43 = 59, -p - 16 = -2*o. Give x(p).
4
Let a be ((-10)/(-4))/((-5)/(-10)). Suppose h - a = -4*h. Let k be h*(-2 - -5) + 2. Let r(p) = -p + 2. Calculate r(k).
-3
Let x be 12/10*20*2. Suppose 0 = l + 4*b - 26, -5*l - 2*b = -l - x. Let i = l - 6. Let j(c) = -c**2 + 3*c - 3. What is j(i)?
-7
Let v(d) = -5 + 2*d**2 + 2 - 29*d**3 + 3*d + 28*d**3. Let h be v(3). Let u(b) = b**2 - 3. What is u(h)?
6
Let x(w) be the third derivative of -2*w**2 + 0*w + 1/24*w**4 + 0 - 8/3*w**3. Suppose s + 3*z = -0*s - 12, -3*z = -3*s + 12. What is x(s)?
-16
Let c(x) = -x**3 - 5*x**2 + x - 2. Let v be c(-5). Let u = 8 - -1. Let j(f) = -2 + u - 4*f + 5*f. Determine j(v).
0
Let o(h) = -6*h**2 + 4*h - 2. Let l(m) = -7*m**2 + 4*m - 2. Let w be 3/9*5*3. Let g(z) = w*l(z) - 6*o(z). Let b be g(4). Let c(q) = 3*q. Calculate c(b).
6
Let f(t) = t**2 + 5*t + 9. Let q be f(-8). Suppose -m + q = -5*y, 5*y + 5*m + 21 = -24. Let b(n) = n**3 + 6*n**2 - 8*n - 8. Calculate b(y).
-1
Let s(t) be the first derivative of 2*t**2 - t + 2792. Let n(x